3
Suppose -5*d = -2*d + 15. Let v(x) = -2*x - 6. Let m be v(d). List the prime factors of m/6*(-99)/(-6).
11
Let x(t) = 15*t**3 - 7*t**2 - 25*t - 23. Let i(g) = -7*g**3 + 3*g**2 + 12*g + 11. Let p(j) = -13*i(j) - 6*x(j). What are the prime factors of p(-4)?
3
Let z be -2 + 3 + (-8 - 1). Let y = -5 - z. List the prime factors of y.
3
Suppose 5*j - 2*z - 49 = -5*z, 2*z + 4 = 0. Suppose 0 = r - j + 4. What are the prime factors of r?
7
Let c(i) = -7*i + 13. List the prime factors of c(-7).
2, 31
Let i(n) = 35*n + 28. Let l(f) = 4*f + 3. Let m(r) = 3*i(r) - 28*l(r). List the prime factors of m(-3).
3, 7
Let s = 13 - 10. Suppose 5*z + 5*t = 3*z + 26, -39 = -s*z - 5*t. What are the prime factors of z?
13
Let i = 442 - 295. What are the prime factors of i?
3, 7
Suppose -2*t = 2, -j + 80 = -t + 16. What are the prime factors of j?
3, 7
Suppose 4*r + 3*l - 304 = 0, 5*l + 0*l + 345 = 5*r. List the prime factors of r.
73
Let b = 182 + -96. Let k = b + -58. Suppose 3*r + 5*m = -2*r, 3*r - k = 4*m. What are the prime factors of r?
2
What are the prime factors of (1 + 15/(-6))*(-6 - 12)?
3
Let o(p) = 2*p**2 + 5*p - 3. Let w be o(-4). Suppose 2*i + w = 25. List the prime factors of i.
2
Let t(r) = r**3 - 6*r**2 - r + 2. Let m be t(6). List the prime factors of (-10)/m*(-18)/(-3).
3, 5
Suppose -n - n + 4 = 0. Suppose -3*p - n*p = -65. Let m = -7 + p. What are the prime factors of m?
2, 3
Suppose -5*j = -0*j. List the prime factors of ((-1)/(-3) - j)*69.
23
Suppose -13*r - 172 = -17*r. List the prime factors of r.
43
Suppose -2*g - 3*h = -45, -g + 2*g - 9 = 3*h. Suppose -2*x + 40 + 18 = 0. Let s = x - g. What are the prime factors of s?
11
Suppose -2*k - 2 = 4. List the prime factors of 6/4*(-14)/k.
7
Let b(n) = -n**3 + 5*n**2 - 2*n - 3. Let k be b(4). Suppose k*v - 3*z = 78, -v + 4*z - 4 = -6. What are the prime factors of v?
2, 3
Let d(l) = l**3 + 10*l**2 + 5*l + 3. Let x be d(-9). What are the prime factors of x - -2*(1 + 1)?
43
Let x(z) be the third derivative of -z**4/24 + z**3/6 + z**2. Let h be x(-2). Suppose -s + h - 1 = 0. What are the prime factors of s?
2
Let u(k) = -2*k**2 - 10*k + 6. Let l be u(-5). Let i(w) = 2*w - 8. What are the prime factors of i(l)?
2
Suppose -2 = u - 3. Suppose 21 = -2*i - u. Let b = i + 23. What are the prime factors of b?
2, 3
List the prime factors of (-12)/(-1) + 0 + 0.
2, 3
Let a = -20 - -13. Let y(w) = w**3 + 7*w**2 - 3*w - 5. What are the prime factors of y(a)?
2
Let w = 90 + -52. List the prime factors of w.
2, 19
Let q(b) = 2*b**2 - 4 + 11*b + 4. Let u be q(-8). List the prime factors of (3/(-6))/((-2)/u).
2, 5
Let y(c) = 56*c**3 - 2*c**2 + 3*c - 2. What are the prime factors of y(1)?
5, 11
Let u be (-1 - -7)*(-100)/30. What are the prime factors of (u/(-16))/((-2)/(-8))?
5
Suppose 0 = -i + 7 + 8. Suppose 3*q + 5*o - 5 = 0, -4*q = o + 2*o - 14. Suppose -q*u = -5*k - 15, 2*k + 5 = 4*u - i. List the prime factors of u.
7
Let m = 2 + -2. Let f be -2*(m - 1)*3. Let v(y) = y**3 - 5*y**2 - 3*y - 7. What are the prime factors of v(f)?
11
Let j(z) = 2*z. Let f be j(6). Suppose 3*s = 78 + f. What are the prime factors of s?
2, 3, 5
Suppose 570 - 94 = 4*i. What are the prime factors of i?
7, 17
What are the prime factors of -2 - -29 - 3/1?
2, 3
Let a = 5 - 1. Let q be 1 + -3 - -7 - -1. Suppose q = -f + a*f. What are the prime factors of f?
2
Suppose -2*h + 4*a = -388, -3*h + a = 6*a - 615. What are the prime factors of h?
2, 5
Suppose 4 = -3*z + 61. Suppose -5*o + 80 + 95 = 0. Let w = o - z. List the prime factors of w.
2
Suppose -3*b + 28 = 3*v + 2*b, -5*b - 14 = -4*v. Suppose -2*i - 10 = -7*i. Suppose v = m - i. List the prime factors of m.
2
Let u = 11 + -5. What are the prime factors of (33/(-4))/(u/(-16))?
2, 11
Let x(c) = 3*c + 2. Let a be x(0). Suppose -a*o + 5*j = -86, -43 = -o - 2*j - 0*j. What are the prime factors of o?
43
Let h be (-2)/(2/(-76) - 0). Let m = h - 42. What are the prime factors of m?
2, 17
Let f(s) = s**3 + 4*s - 2*s + 0*s - 5 - 4*s**2 - 2*s**2. What are the prime factors of f(6)?
7
What are the prime factors of (-92)/2*((-21)/(-14) - 4)?
5, 23
Let b(a) = -a**3 + 5*a**2 + 9*a - 6. Let w be b(6). Suppose -12 = -t - 2*g + w, 4*t = -g + 61. List the prime factors of t/2 + (-1 - -1).
7
Let h = 254 - 108. What are the prime factors of h?
2, 73
Let s = -2 + 1. Let q = 1 + s. Suppose -y + 3*c + 17 = q, -c + 7 = 3*y + c. List the prime factors of y.
5
Let w be (3 - -8)*(1 + -2). Let b(d) = -10*d + 3. Let i be b(2). Let s = w - i. What are the prime factors of s?
2, 3
Let f = 68 + -3. Suppose -8*g = -3*g - f. List the prime factors of g.
13
Let s = -9 + 13. Let l = -5 + s. Let r = 11 + l. List the prime factors of r.
2, 5
Suppose 3 = -2*t - 3*f, -6*f - 20 = 5*t - f. Let k = t - -6. What are the prime factors of (-14)/k - 1/(-3)?
5
Let r(y) = 15*y**2 - y - 1. Let s be (-12)/(-54) + 68/18. Let a be (-6)/s*6/9. List the prime factors of r(a).
3, 5
Let c = -37 + 61. List the prime factors of c.
2, 3
Let j(p) = -8*p**2 + 37*p + 5 - 46*p - 13 - p**3. List the prime factors of j(-7).
2, 3
Suppose n - 2*d + 2 = 0, 0 = n + 2*n - 4*d. Let f be 18/n - (-2)/4. Suppose f*y - 39 = 2*y. List the prime factors of y.
13
Let p = 57 + -34. Let g = 63 - p. List the prime factors of g.
2, 5
Suppose x - 5*x + 4 = -3*r, -14 = -3*x + 5*r. Let y = 1 - x. Let a(j) = j**2 + 3. What are the prime factors of a(y)?
2, 3
Let l be (2/(-4))/(5/(-820)). Suppose 11 = 3*r - l. List the prime factors of r.
31
Suppose 31 = g - 2*k, g - 2*k = 2*k + 35. List the prime factors of g.
3
Let s be (0 + 1)*(0 + 0). Suppose 2*n - 30 = -s*n. What are the prime factors of n?
3, 5
Suppose -147 = -14*z - 35. What are the prime factors of z?
2
Let x(o) = -o**3 + 5*o**2 - 4. Suppose 5*q = 7*q - 8. What are the prime factors of x(q)?
2, 3
Suppose -8 = x - 70. List the prime factors of x.
2, 31
Let o = 413 - 183. What are the prime factors of o?
2, 5, 23
Suppose 23 = -3*u - 5*g, -4*u + 3*g = -0*g + 50. Let b(w) = -2*w + 7. Let f(o) = 5*o - 22. Let h(t) = 11*b(t) + 4*f(t). List the prime factors of h(u).
11
Let f = -5 - -13. Let j(s) = -4*s + 3*s - s**2 + 2 + f*s. List the prime factors of j(5).
2, 3
Suppose -156 = -5*r + r. List the prime factors of r.
3, 13
Let h(a) = a**3 - a + 1. Let i(y) = y**3 - 3*y**2 - 2*y + 5. Let k(c) = -3*h(c) + i(c). Let t be k(-2). Suppose w + 18 = t*w. List the prime factors of w.
2, 3
Let k = -6 + 4. Let u be k/(((-16)/(-6))/(-4)). Suppose -u*s + 9 = -3. What are the prime factors of s?
2
Let b = -1 + -1. Let p be 4*(b - (-9)/6). List the prime factors of 1/p*-34 - -2.
19
Suppose -878 = 2*l - 4*l + 2*h, 2*l - 3*h - 876 = 0. What are the prime factors of l?
3, 7
Let i = 180 + -52. List the prime factors of i.
2
Suppose -5*j + 4*w = -125, w - 6*w = -3*j + 62. What are the prime factors of j?
29
Suppose 3*g - 5*i = -i + 740, 5*i = -2*g + 455. Suppose 0 = -p - 3*p + g. Suppose 0*t = -4*x + 2*t + 24, -5*x = 5*t - p. What are the prime factors of x?
2
Let i = 23 + -11. List the prime factors of (-6)/i + (-73)/(-2).
2, 3
Let k(i) = 15*i**3 + i**2 - 1. Suppose -2*f - 5 = 3*y + 2*f, 3*y = 4*f + 11. What are the prime factors of k(y)?
3, 5
Suppose -f + 4*f - 24 = 0. What are the prime factors of f?
2
Let z be ((-2)/(-1) + 0)*1. Suppose -z*v + 25 = 1. List the prime factors of v.
2, 3
Let t(n) = -n**3 - 2*n - 2 + 3 + 4*n**2 + 0*n**2. Let w be t(3). Suppose -w*c + 85 = c. List the prime factors of c.
17
Let l(z) = -z**3 + 11*z**2 - 7*z + 16. Let s be l(11). Let b = -42 - s. List the prime factors of b.
19
Let y be (0 + 0)/(-9 - -11). Suppose 65 + 39 = 2*d - 4*c, 4*d - 2*c - 232 = y. What are the prime factors of d?
2, 3, 5
Suppose -14*b = -15*b + 5. Suppose -54 = -b*z + 16. List the prime factors of z.
2, 7
Suppose 4*f - 3*w - 119 = -23, 4*f - 76 = -2*w. List the prime factors of f.
3, 7
Let c(u) be the second derivative of -u**5/20 - u**4/12 + u**2 + 4*u. What are the prime factors of c(0)?
2
Let v(k) = k**3 - 2*k - 6. Let i be v(5). Let x = i + -74. Suppose c + 1 = 5*s, 3*c = 3*s - 2 + x. List the prime factors of c.
2, 7
List the prime factors of (-7 + 4)/((-6)/34)*6.
2, 3, 17
Let u(z) = -5*z. Let b be 2/3 + (-2)/3. Let i be 2 + -2 + (-2 - b). What are the prime factors of u(i)?
2, 5
Let x be (274/(-4))/(10/220). List the prime factors